{"id":3954,"date":"2020-11-04T10:51:39","date_gmt":"2020-11-04T09:51:39","guid":{"rendered":"https:\/\/levillagebalinais.com\/?page_id=3954"},"modified":"2021-03-13T11:32:40","modified_gmt":"2021-03-13T10:32:40","slug":"presentation","status":"publish","type":"page","link":"https:\/\/levillagebalinais.com\/index.php\/studio-massage\/presentation\/","title":{"rendered":"Pr\u00e9sentation"},"content":{"rendered":"<div  class=\"one withsmallpadding ppb_text\" style=\"padding-bottom:0px !important;text-align:center;padding:60px 0 60px 0;\" >\n<div class=\"standard_wrapper\">\n<div class=\"page_content_wrapper wide\">\n<div class=\"inner\">\n<div style=\"margin:auto;width:100%\">\n<h1>Studio Priv\u00e9 Village Balinais<br \/>\nLe massage balinais et l\u2019esth\u00e9tique de Bali<br \/>\nParis<br \/>\nUne approche orientale inclusive et th\u00e9rapeutique du bien-\u00eatre<br \/>\n<\/h1>\n<\/div>\n<\/div>\n<\/div>\n<\/div>\n<\/div>\n<div class=\"standard_wrapper\">\n<div class=\"one withsmallpadding ppb_line_divider\"  style=\"text-align:center;padding:0px 0 0px 0;\" >\n<div class=\"page_content_wrapper wide\">\n<div class=\"inner\">\n<div class=\"line_divider_border\" style=\"width:100px;border-color:#e1e1e1;\"><\/div>\n<div class=\"line_divider_seperator\"><i class=\"fa fa-leaf\" style=\"color:#efa697;\"><\/i><\/div>\n<div class=\"line_divider_border\" style=\"width:100px;border-color:#e1e1e1;\"><\/div>\n<\/div>\n<\/div>\n<\/div>\n<\/div>\n<div  class=\"one withsmallpadding ppb_header \" style=\"text-align:left;padding:30px 0 30px 0;\" >\n<div class=\"standard_wrapper\">\n<div class=\"page_content_wrapper wide\">\n<div class=\"inner\">\n<div style=\"margin:auto;width:100%\"><\/div>\n<\/div>\n<\/div>\n<\/div>\n<\/div>\n<div  class=\"one withsmallpadding ppb_content_half_bg withbg parallax \" style=\"background-image:url(https:\/\/levillagebalinais.com\/wp-content\/uploads\/2020\/11\/2-reflexologie-palmaire-scaled.jpeg);background-position: center top;padding:40px 0 40px 0;\" >\n<div class=\"standard_wrapper\">\n<div class=\"page_content_wrapper wide\">\n<div class=\"inner\">\n<div class=\"one_half_bg parallax_text\" style=\"background:#ffffff;background:rgb(255,255,255,1);background:rgba(255,255,255,1);\" data-stellar-ratio=\"1.3\">\n<h2 class=\"ppb_title\" style=\"\">Participer \u00e0 un monde d\u00e9tendu, spirituel, chaleureux, inclusif celui de Bali<\/h2>\n<div class=\"ppb_header_content\">\n<p>Laissez-vous conqu\u00e9rir par une esth\u00e9tique naturelle et sensuelle qui vient de l\u2019int\u00e9rieur et vous inscrit dans un lien apais\u00e9 et libre \u00e0 votre corps et \u00e0 votre entourage.<br \/>\nSoulager douleur de la nuque, lombaire et musculaire, d\u00e9toxifier le ventre, drainer les jambes. Apaisez somatisations, trouble de l&#8217;endormissement, hyperactivit\u00e9, exigence et contrainte, insomnie, et \u00e9puisement mental. Restaurer votre confiance corporelle.<\/p>\n<\/div>\n<\/div>\n<\/div>\n<\/div>\n<\/div>\n<\/div>\n<div class=\"divider one\">&nbsp;<\/div>\n<div  class=\"ppb_image_half_boxed_fixed_width one\" >\n<div class=\"standard_wrapper\">\n<div class=\"page_content_wrapper wide\">\n<div class=\"inner\" style=\"height:380px;\">\n<div class=\"one_half content_middle parallax_text\" style=\"background-image:url(https:\/\/levillagebalinais.com\/wp-content\/uploads\/2021\/02\/5-SALLE-VILLAGE-BALINAIS-scaled.jpg)\"><\/div>\n<div class=\"one_half last content_middle fixed parallax_text\" style=\"padding:40px;text-align:left; \">\n<div class=\"content_middle_wrapper\">\n<div class=\"content_middle_content\">\n<h2 class=\"ppb_title\" style=\"\">Respirer tactilement, sans stress!<\/h2>\n<div class=\"ppb_header_content\">\n<p>\nPrenez soin de vous, de vos besoins profonds de d\u00e9tente corporelle comme vous prenez soin des v\u00f4tres.<\/p>\n<p>Soulager les douleurs chroniques et restaurer de la fluidit\u00e9 dans les mouvements du corps et de la pens\u00e9e par les traitements et l\u2019approche balinaise et javanaise de nos s\u00e9ances.<\/p>\n<\/div>\n<\/div>\n<\/div>\n<\/div>\n<p><br class=\"clear\"\/><\/div>\n<\/div>\n<\/div>\n<\/div>\n<div class=\"divider one\">&nbsp;<\/div>\n<div id=\"Le massage balinais traditionnel\" class=\"ppb_image_half_boxed_fixed_width one\" >\n<div class=\"standard_wrapper\">\n<div class=\"page_content_wrapper wide\">\n<div class=\"inner\" style=\"height:380px;\">\n<div class=\"one_half content_middle fixed parallax_text\" style=\"padding:40px; text-align:left;\">\n<div class=\"content_middle_wrapper\">\n<div class=\"content_middle_content\">\n<h2 class=\"ppb_title\" style=\"\">L&#039;\u00e9quipe du Studio Village Balinais<\/h2>\n<div class=\"page_tagline\" style=\"\">Ruth, la fondatrice et H\u00e9l\u00e8ne, esth\u00e9ticienne<\/div>\n<div class=\"ppb_header_content\">\n<p>\u00ab Le massage balinais pijat Bali est une aventure partag\u00e9e car chaque s\u00e9ance est unique. Il est aussi un \u00e9loge \u00e0 la sensualit\u00e9 du corps dans son rapport \u00e0 la vie qui se lib\u00e8re des tensions corporelles et mentales pr\u00e9sentes et pass\u00e9es, \u00e0 la fluidit\u00e9 du mouvement du corps,  \u00e0 la souplesse et la cr\u00e9ativit\u00e9 de l\u2019esprit. Sa pratique s\u2019inscrit dans un d\u00e9sir profond de mieux se conna\u00eetre, de s\u2019am\u00e9liorer, de s\u2019\u00e9panouir sur le plan esth\u00e9tique , de s\u2019ouvrir et de s\u2019\u00e9loigner de la n\u00e9gativit\u00e9 du monde en choisissant la d\u00e9tente et le sourire\u00bb.<br \/>\nRuth Indiathi<\/p>\n<\/div>\n<\/div>\n<\/div>\n<\/div>\n<div class=\"one_half content_middle parallax_text last\" style=\"background-image:url(https:\/\/levillagebalinais.com\/wp-content\/uploads\/2020\/11\/1-RUTH-ET-HELENE-scaled.jpg)\"><\/div>\n<p><br class=\"clear\"\/><\/div>\n<\/div>\n<\/div>\n<\/div>\n<div class=\"divider one\">&nbsp;<\/div>\n<div class=\"standard_wrapper\">\n<div class=\"one withsmallpadding ppb_line_divider\"  style=\"text-align:center;padding:0px 0 0px 0;\" >\n<div class=\"page_content_wrapper wide\">\n<div class=\"inner\">\n<div class=\"line_divider_border\" style=\"width:100px;border-color:#e1e1e1;\"><\/div>\n<div class=\"line_divider_seperator\"><i class=\"fa fa-leaf\" style=\"color:#efa697;\"><\/i><\/div>\n<div class=\"line_divider_border\" style=\"width:100px;border-color:#e1e1e1;\"><\/div>\n<\/div>\n<\/div>\n<\/div>\n<\/div>\n<div class=\"divider one\">&nbsp;<\/div>\n<div  class=\"one\" >\n<div class=\"standard_wrapper\">\n<div class=\"page_content_wrapper wide\">\n<div class=\"inner\">\n<div class=\"one_half\">\n<div class=\"image_classic_frame expand\">\n<div class=\"image_wrapper\"><a href=\"https:\/\/levillagebalinais.com\/wp-content\/uploads\/2020\/11\/purification-balinaise--scaled.jpeg\" class=\"img_frame\"><img decoding=\"async\" src=\"https:\/\/levillagebalinais.com\/wp-content\/uploads\/2020\/11\/purification-balinaise--scaled.jpeg\" alt=\"\" class=\"portfolio_img parallax_text\"\/><\/a><\/div>\n<\/div>\n<\/div>\n<div class=\"one_half last content_middle\" style=\"padding:40px;\">\n<h2 class=\"ppb_title\" style=\"\">Inscrire le g\u00e9nie indon\u00e9sien dans l&#039;approche occidentale du bien-\u00eatre<\/h2>\n<div class=\"ppb_header_content\">\n<p>Nos s\u00e9ances inscrivent dans la modernit\u00e9 du bien-\u00eatre occidental, le g\u00e9nie indon\u00e9sien tant du point de vue de l\u2019approche client dans l\u2019esprit balinais en cabine que du point de vue de la richesse des techniques traditionnelles des protocoles pijat Bali.<br \/>\nL\u2019approche orientale dans la compassion, l\u2019empathie chaleureuse, la discr\u00e9tion, la m\u00e9ditation, la spiritualit\u00e9, l\u2019\u00e9l\u00e9gance et la sensualit\u00e9 est l\u00e0 pour tranquilliser, s\u00e9curiser, inspirer le corps et favoriser le l\u00e2cher prise. <\/p>\n<\/div>\n<\/div>\n<p><br class=\"clear\"\/><\/div>\n<\/div>\n<\/div>\n<\/div>\n<div class=\"divider one\">&nbsp;<\/div>\n<div  class=\"one\" >\n<div class=\"standard_wrapper\">\n<div class=\"page_content_wrapper wide\">\n<div class=\"inner\">\n<div class=\"one_half content_middle textright\" style=\"padding:40px;\">\n<h2 class=\"ppb_title\" style=\"\">Un respiration tactile, un temps dilat\u00e9 profond\u00e9ment enracin\u00e9 dans la nature humaine et les traditions de Bali<\/h2>\n<div class=\"page_tagline\" style=\"\">Pijat Bali : une communication psychocorporelle fondamentale <\/div>\n<div class=\"ppb_header_content\">\n<p>Une  s\u00e9ance de Pijat Bali noue pour la cliente par  la th\u00e9rapeute balinaise technicit\u00e9 et approche orientale dans un lien qui  lui rend apais\u00e9es et sublim\u00e9es les perceptions de son corps. La s\u00e9ance redonne \u00e0 la cliente acc\u00e8s \u00e0 elle-m\u00eame et au sentiment d\u2019appartenance \u00e0 des liens dans lequel circule de l\u2019entre deux, bon, agr\u00e9able, riche et inspirant, qui peut se partager, se penser, nourrir en profondeur les relations et la confiance en soi.<br \/>\nL\u2019approche javano-balinaise r\u00e9veille les perceptions internes et peut faire remonter tranquillement \u00e0 la surface des profondeurs de l\u2019\u00e2me, les \u00e9motions manquantes, les souvenirs enfouies et les aspirations corporelles.<\/p>\n<\/div>\n<\/div>\n<div class=\"one_half last\">\n<div class=\"image_classic_frame expand\">\n<div class=\"image_wrapper\"><a href=\"https:\/\/levillagebalinais.com\/wp-content\/uploads\/2020\/11\/Oasis-Spa-Coconut-Nourishing11-768x512-1.jpg\" class=\"img_frame\"><img decoding=\"async\" src=\"https:\/\/levillagebalinais.com\/wp-content\/uploads\/2020\/11\/Oasis-Spa-Coconut-Nourishing11-768x512-1.jpg\" alt=\"Village Balinais\" class=\"portfolio_img\"\/><\/a><\/div>\n<\/div>\n<\/div>\n<p><br class=\"clear\"\/><\/div>\n<\/div>\n<\/div>\n<\/div>\n<div class=\"divider one\">&nbsp;<\/div>\n<div  class=\"one\" >\n<div class=\"one_half_bg parallax\" style=\"background-image:url(https:\/\/levillagebalinais.com\/wp-content\/uploads\/2020\/10\/12-gommage-balinais1-scaled.jpeg);height:600px;\"><\/div>\n<div class=\"one_half_bg\" style=\"padding:40px;\">\n<h2 class=\"ppb_title\" style=\"\">L&#039;art et la science de l&#039;or vert de Bali, Java, Lombok, Flores : une respiration de la biodiversit\u00e9 d&#039;Indon\u00e9sie<\/h2>\n<div class=\"page_tagline\" style=\"\">Une approche inclusive et th\u00e9rapeutique du bien-\u00eatre<\/div>\n<div class=\"ppb_header_content\">\n<p>Les racines et plantes utilis\u00e9es sous forme d\u2019huiles, de cr\u00e8mes ou d\u2019infusions sont chauffantes, respiratoires, purifiantes et protectrices du syst\u00e8me immunitaire.  Exclusives, tir\u00e9es de la pharmacop\u00e9e et de l\u2019aromath\u00e9rapie indon\u00e9sienne, ces traitements naturels constituent une alternative \u00e0 la m\u00e9decine allopathique. Ils apaisent les douleurs et raideurs musculaires et amplifient l\u2019effet de d\u00e9contraction procur\u00e9es par les techniques traditionnelles du pijat Bali.<br \/>\nNotre \u00e9quipe utilise pendant et apr\u00e8s la s\u00e9ance les produits naturels issues de la biodiversit\u00e9 indon\u00e9sienne, son or \u00ab vert \u00bb.  Au travers d\u2019huiles choisies et durant son temps Jamu (d\u00e9gustation d\u2019infusion faite maison \u00e0 base de racines fraiches et d\u2019\u00e9pices), vous pourrez b\u00e9n\u00e9ficier de leurs bienfaits sur la sant\u00e9.<\/p>\n<\/div>\n<\/div>\n<p><br class=\"clear\"\/><\/div>\n<div class=\"divider one\">&nbsp;<\/div>\n<div class=\"standard_wrapper\">\n<div class=\"one withsmallpadding ppb_line_divider\"  style=\"text-align:center;padding:0px 0 0px 0;\" >\n<div class=\"page_content_wrapper wide\">\n<div class=\"inner\">\n<div class=\"line_divider_border\" style=\"width:100px;\"><\/div>\n<div class=\"line_divider_seperator\"><i class=\"fa fa-leaf\" style=\"\"><\/i><\/div>\n<div class=\"line_divider_border\" style=\"width:100px;\"><\/div>\n<\/div>\n<\/div>\n<\/div>\n<\/div>\n<div  class=\"one withsmallpadding ppb_content_center_bg withbg parallax \" style=\"background-image:url(https:\/\/levillagebalinais.com\/wp-content\/uploads\/2021\/02\/DSC_2396-scaled.jpg);background-position: center top;height:600px;\" >\n<div class=\"one_third parallax_text\" style=\"background:#ffffff;background:rgb(255,255,255,1);background:rgba(255,255,255,1);;padding:40px;\" data-stellar-ratio=\"1.3\">\n<h2 class=\"ppb_title\" style=\"\">Horaires Cabine<\/h2>\n<div class=\"page_tagline\" style=\"\">Institut- Studio Village Balinais- Spa de Bali<br \/>\nDu Jeudi au Samedi sur Rdv<br \/>\nHoraires : 10h-19h<\/p>\n<p>Exclusivement pour femmes&amp;couples<\/p><\/div>\n<\/div>\n<\/div>\n<div class=\"divider one\">&nbsp;<\/div>\n<div class=\"standard_wrapper\">\n<div class=\"one withsmallpadding ppb_line_divider\"  style=\"text-align:center;padding:0px 0 0px 0;\" >\n<div class=\"page_content_wrapper wide\">\n<div class=\"inner\">\n<div class=\"line_divider_border\" style=\"width:100px;\"><\/div>\n<div class=\"line_divider_seperator\"><i class=\"fa fa-leaf\" style=\"\"><\/i><\/div>\n<div class=\"line_divider_border\" style=\"width:100px;\"><\/div>\n<\/div>\n<\/div>\n<\/div>\n<\/div>\n<div  class=\"one withsmallpadding ppb_header \" style=\"text-align:left;padding:30px 0 30px 0;\" >\n<div class=\"standard_wrapper\">\n<div class=\"page_content_wrapper wide\">\n<div class=\"inner\">\n<div style=\"margin:auto;width:100%\"><\/div>\n<\/div>\n<\/div>\n<\/div>\n<\/div>\n<div class=\"divider one\">&nbsp;<\/div>\n<div class=\"standard_wrapper\">\n<div  class=\"ppb_contact_sidebar one withsmallpadding\" style=\"padding:40px 0 40px 0;\" >\n<div class=\"page_content_wrapper wide\">\n<div class=\"inner\">\n<div class=\"inner_wrapper\">\n<div class=\"sidebar_content \">\n<h2 class=\"ppb_title\">Contact<\/h2>\n<div class=\"contact_form7_wrapper\">\n<div role=\"form\" class=\"wpcf7\" id=\"wpcf7-f5-o1\" lang=\"en-US\" dir=\"ltr\">\n<div class=\"screen-reader-response\">\n<p role=\"status\" aria-live=\"polite\" aria-atomic=\"true\">\n<ul><\/ul>\n<\/div>\n<form action=\"\/wp-admin\/post.php#wpcf7-f5-o1\" method=\"post\" class=\"wpcf7-form init\" novalidate=\"novalidate\" data-status=\"init\">\n<div style=\"display: none;\">\n<input type=\"hidden\" name=\"_wpcf7\" value=\"5\" \/><br \/>\n<input type=\"hidden\" name=\"_wpcf7_version\" value=\"5.4\" \/><br \/>\n<input type=\"hidden\" name=\"_wpcf7_locale\" value=\"en_US\" \/><br \/>\n<input type=\"hidden\" name=\"_wpcf7_unit_tag\" value=\"wpcf7-f5-o1\" \/><br \/>\n<input type=\"hidden\" name=\"_wpcf7_container_post\" value=\"0\" \/><br \/>\n<input type=\"hidden\" name=\"_wpcf7_posted_data_hash\" value=\"\" \/>\n<\/div>\n<p>\n    <span class=\"wpcf7-form-control-wrap your-name\"><input type=\"text\" name=\"your-name\" value=\"\" size=\"40\" class=\"wpcf7-form-control wpcf7-text wpcf7-validates-as-required\" aria-required=\"true\" aria-invalid=\"false\" placeholder=\"Nom\/Pr\u00e9nom*\" \/><\/span> <\/p>\n<p>\n    <span class=\"wpcf7-form-control-wrap your-email\"><input type=\"email\" name=\"your-email\" value=\"\" size=\"40\" class=\"wpcf7-form-control wpcf7-text wpcf7-email wpcf7-validates-as-required wpcf7-validates-as-email\" aria-required=\"true\" aria-invalid=\"false\" placeholder=\"Adresse Email*\" \/><\/span> <\/p>\n<p>\n    <span class=\"wpcf7-form-control-wrap your-message\"><textarea name=\"your-message\" cols=\"40\" rows=\"5\" class=\"wpcf7-form-control wpcf7-textarea\" aria-invalid=\"false\" placeholder=\"Votre Message*\"><\/textarea><\/span> <\/p>\n<p><input type=\"submit\" value=\"Envoyer\" class=\"wpcf7-form-control wpcf7-submit\" \/><\/p>\n<div class=\"wpcf7-response-output\" aria-hidden=\"true\"><\/div>\n<\/form>\n<\/div>\n<\/div>\n<\/div>\n<div class=\"sidebar_wrapper \">\n<div class=\"sidebar\">\n<div class=\"content\">\n<ul class=\"sidebar_widget\">\n<li id=\"grandspa_recent_posts-2\" class=\"widget grandspa_Recent_Posts\">\n<h2 class=\"widgettitle\"><span>Recent Posts<\/span><\/h2>\n<ul class=\"posts blog withthumb \">\n<li>\n<div class=\"post_circle_thumb\"><a href=\"https:\/\/levillagebalinais.com\/index.php\/2021\/03\/09\/formation-a-venir-au-mois-de-mars-2021\/\"><img decoding=\"async\" src=\"https:\/\/levillagebalinais.com\/wp-content\/uploads\/2021\/03\/how-can-make-sure-prenatal-massage-safe-2160X1200-960x636-1-150x150.jpg\" alt=\"\" \/><\/a><\/div>\n<p><a href=\"https:\/\/levillagebalinais.com\/index.php\/2021\/03\/09\/formation-a-venir-au-mois-de-mars-2021\/\">Formation \u00e0 venir au mois de Mars 2021<\/a><\/p>\n<div class=\"post_attribute\">9 mars 2021<\/div>\n<\/li>\n<li>\n<div class=\"post_circle_thumb\"><a href=\"https:\/\/levillagebalinais.com\/index.php\/2021\/03\/09\/70-ans-france-indonesie\/\"><img decoding=\"async\" src=\"https:\/\/levillagebalinais.com\/wp-content\/uploads\/2021\/03\/1-70-ANS-FRANCE-INDONESIE-150x150.jpg\" alt=\"\" \/><\/a><\/div>\n<p><a href=\"https:\/\/levillagebalinais.com\/index.php\/2021\/03\/09\/70-ans-france-indonesie\/\">70 ans France Indon\u00e9sie<\/a><\/p>\n<div class=\"post_attribute\">9 mars 2021<\/div>\n<\/li>\n<\/ul>\n<\/li>\n<li id=\"mc4wp_form_widget-3\" class=\"widget widget_mc4wp_form_widget\">\n<h2 class=\"widgettitle\"><span>Newsletter<\/span><\/h2>\n<p><script>(function() {\n\twindow.mc4wp = window.mc4wp || {\n\t\tlisteners: [],\n\t\tforms: {\n\t\t\ton: function(evt, cb) {\n\t\t\t\twindow.mc4wp.listeners.push(\n\t\t\t\t\t{\n\t\t\t\t\t\tevent   : evt,\n\t\t\t\t\t\tcallback: cb\n\t\t\t\t\t}\n\t\t\t\t);\n\t\t\t}\n\t\t}\n\t}\n})();\n<\/script><!-- Mailchimp for WordPress v4.8.3 - https:\/\/wordpress.org\/plugins\/mailchimp-for-wp\/ --><\/p>\n<form id=\"mc4wp-form-1\" class=\"mc4wp-form mc4wp-form-81\" method=\"post\" data-id=\"81\" data-name=\"S&#039;abonner \u00e0 notre Newsletter\" >\n<div class=\"mc4wp-form-fields\">\n<p>\n    <label>Adresse de courrier \u00e9lectronique<\/label><br \/>\n    <input type=\"email\" name=\"EMAIL\"\n    placeholder=\"Renseignez votre adresse e-mail\" required=\"\"><br \/>\n    <input type=\"submit\" value=\"Abonnez-vous\">\n<\/p>\n<\/div>\n<p><label style=\"display: none !important;\">Laissez ce champ vide si vous \u00eates humain\u00a0: <input type=\"text\" name=\"_mc4wp_honeypot\" value=\"\" tabindex=\"-1\" autocomplete=\"off\" \/><\/label><input type=\"hidden\" name=\"_mc4wp_timestamp\" value=\"1615631560\" \/><input type=\"hidden\" name=\"_mc4wp_form_id\" value=\"81\" \/><input type=\"hidden\" name=\"_mc4wp_form_element_id\" value=\"mc4wp-form-1\" \/><\/p>\n<div class=\"mc4wp-response\"><\/div>\n<\/form>\n<p><!-- \/ Mailchimp for WordPress Plugin --><\/li>\n<li id=\"grandspa_social_profiles_posts-2\" class=\"widget grandspa_Social_Profiles_Posts\">\n<h2 class=\"widgettitle\"><span>Follow Us On<\/span><\/h2>\n<div class=\"social_wrapper shortcode light small\">\n<ul>\n<li class=\"facebook\"><a target=\"_blank\" title=\"Facebook\" href=\"http:\/\/www.facebook.com\/levillagebalinais\/\" rel=\"noopener\"><i class=\"fa fa-facebook\"><\/i><\/a><\/li>\n<li class=\"youtube\"><a target=\"_blank\" title=\"Youtube\" href=\"https:\/\/www.youtube.com\/channel\/UCM3Eys_bmt16KWyEHOxR9LA\" rel=\"noopener\"><i class=\"fa fa-youtube\"><\/i><\/a><\/li>\n<li class=\"linkedin\"><a target=\"_blank\" title=\"Linkedin\" href=\"https:\/\/www.linkedin.com\/in\/ruth-indiathi-09607193\/\" rel=\"noopener\"><i class=\"fa fa-linkedin\"><\/i><\/a><\/li>\n<li class=\"instagram\"><a target=\"_blank\" title=\"Instagram\" href=\"https:\/\/instagram.com\/ruthindiathi\" rel=\"noopener\"><i class=\"fa fa-instagram\"><\/i><\/a><\/li>\n<\/ul>\n<\/div>\n<\/li>\n<\/ul>\n<\/div>\n<\/div>\n<\/div>\n<\/div>\n<\/div>\n<\/div>\n<\/div>\n<\/div>\n","protected":false},"excerpt":{"rendered":"<p>Studio Priv\u00e9 Village Balinais Le massage balinais et l\u2019esth\u00e9tique de Bali Paris Une approche orientale inclusive et th\u00e9rapeutique du bien-\u00eatre Participer \u00e0 un monde d\u00e9tendu, spirituel, chaleureux, inclusif celui de Bali Laissez-vous conqu\u00e9rir par une esth\u00e9tique naturelle et sensuelle qui [&hellip;]<\/p>\n","protected":false},"author":1,"featured_media":5191,"parent":3477,"menu_order":0,"comment_status":"closed","ping_status":"closed","template":"","meta":{"_monsterinsights_skip_tracking":false,"_monsterinsights_sitenote_active":false,"_monsterinsights_sitenote_note":"","_monsterinsights_sitenote_category":0,"footnotes":""},"class_list":["post-3954","page","type-page","status-publish","has-post-thumbnail","hentry"],"_links":{"self":[{"href":"https:\/\/levillagebalinais.com\/index.php\/wp-json\/wp\/v2\/pages\/3954","targetHints":{"allow":["GET"]}}],"collection":[{"href":"https:\/\/levillagebalinais.com\/index.php\/wp-json\/wp\/v2\/pages"}],"about":[{"href":"https:\/\/levillagebalinais.com\/index.php\/wp-json\/wp\/v2\/types\/page"}],"author":[{"embeddable":true,"href":"https:\/\/levillagebalinais.com\/index.php\/wp-json\/wp\/v2\/users\/1"}],"replies":[{"embeddable":true,"href":"https:\/\/levillagebalinais.com\/index.php\/wp-json\/wp\/v2\/comments?post=3954"}],"version-history":[{"count":69,"href":"https:\/\/levillagebalinais.com\/index.php\/wp-json\/wp\/v2\/pages\/3954\/revisions"}],"predecessor-version":[{"id":5585,"href":"https:\/\/levillagebalinais.com\/index.php\/wp-json\/wp\/v2\/pages\/3954\/revisions\/5585"}],"up":[{"embeddable":true,"href":"https:\/\/levillagebalinais.com\/index.php\/wp-json\/wp\/v2\/pages\/3477"}],"wp:featuredmedia":[{"embeddable":true,"href":"https:\/\/levillagebalinais.com\/index.php\/wp-json\/wp\/v2\/media\/5191"}],"wp:attachment":[{"href":"https:\/\/levillagebalinais.com\/index.php\/wp-json\/wp\/v2\/media?parent=3954"}],"curies":[{"name":"wp","href":"https:\/\/api.w.org\/{rel}","templated":true}]}}