{"id":3950,"date":"2020-11-04T10:50:13","date_gmt":"2020-11-04T09:50:13","guid":{"rendered":"https:\/\/levillagebalinais.com\/?page_id=3950"},"modified":"2022-02-16T00:21:52","modified_gmt":"2022-02-15T23:21:52","slug":"videos","status":"publish","type":"page","link":"https:\/\/levillagebalinais.com\/index.php\/ruth-indiati\/videos\/","title":{"rendered":"Vid\u00e9os"},"content":{"rendered":"<div  class=\"one withsmallpadding ppb_text\" style=\"padding-bottom:0px !important;text-align:center;padding:60px 0 60px 0;\" >\n<div class=\"standard_wrapper\">\n<div class=\"page_content_wrapper wide\">\n<div class=\"inner\">\n<div style=\"margin:auto;width:100%\">\n<h1>Village Balinais Formation-Ruth Indiathi-<\/h1>\n<\/div>\n<\/div>\n<\/div>\n<\/div>\n<\/div>\n<div class=\"standard_wrapper\">\n<div class=\"one withsmallpadding ppb_line_divider\"  style=\"text-align:center;padding:0px 0 0px 0;\" >\n<div class=\"page_content_wrapper wide\">\n<div class=\"inner\">\n<div class=\"line_divider_border\" style=\"width:100px;border-color:#e1e1e1;\"><\/div>\n<div class=\"line_divider_seperator\"><i class=\"fa fa-leaf\" style=\"color:#efa697;\"><\/i><\/div>\n<div class=\"line_divider_border\" style=\"width:100px;border-color:#e1e1e1;\"><\/div>\n<\/div>\n<\/div>\n<\/div>\n<\/div>\n<div  class=\"one withsmallpadding ppb_content_center_bg withbg parallax\"  style=\"height:600px;\" >\n<div class=\"one_third parallax_text\" style=\"background:#ffffff;background:rgb(255,255,255,1);background:rgba(255,255,255,1);color:#614270;;padding:40px;\" data-stellar-ratio=\"1.3\">\n<h2 class=\"ppb_title\" style=\"\">Le Village Balinais, Paris aux Thermalies 2022<\/h2>\n<div class=\"ppb_header_content\">\n<p>La richesse de la d\u00e9finition indon\u00e9sienne du bien-\u00eatre, de la d\u00e9tente et du l\u00e2cher prise&#8230;. au service des thermalistes!<\/p>\n<\/div>\n<\/div>\n<\/div>\n<div  class=\"one withsmallpadding ppb_text\" style=\"padding:40px;\" >\n<p>\n<iframe loading=\"lazy\" width=\"560\" height=\"315\" src=\"https:\/\/www.youtube.com\/embed\/GgVFy4uSgWM\" title=\"YouTube video player\" frameborder=\"0\" allow=\"accelerometer; autoplay; clipboard-write; encrypted-media; gyroscope; picture-in-picture\" allowfullscreen><\/iframe><\/p>\n<\/div>\n<div class=\"divider one\">&nbsp;<\/div>\n<div  class=\"one withsmallpadding ppb_content_center_bg withbg parallax\" data-jarallax-video=\"https:\/\/youtu.be\/vnpuZuwQOhM\"  style=\"height:600px;\" >\n<div class=\"one_third parallax_text\" style=\"background:#ffffff;background:rgb(255,255,255,1);background:rgba(255,255,255,1);;padding:40px;\" data-stellar-ratio=\"1.3\">\n<h2 class=\"ppb_title\" style=\"\">Apprendre le massage balinais Pijat Bali <\/h2>\n<div class=\"ppb_header_content\">\n<p>\nExtrait des vid\u00e9os p\u00e9dagogiques Pijat Bali 1 et 2 du Village Balinais Formation.<br \/>\nEn vente \u00e0 partir de 2021<\/p>\n<\/div>\n<\/div>\n<\/div>\n<div  class=\"one withsmallpadding ppb_content_center_bg withbg parallax\"  style=\"height:725px;\" >\n<div class=\"one_third parallax_text\" style=\"background:#ffffff;background:rgb(255,255,255,0.35);background:rgba(255,255,255,0.35);;padding:25px;\" data-stellar-ratio=\"1.3\">\n<h2 class=\"ppb_title\" style=\"\">Atelier massage balinais Pijat Bali Sol<\/h2>\n<div class=\"ppb_header_content\">\n<p>Formatrice : Ruth Indiathi-Village Balinais Formation-<br \/>\n49\u00e8me Congr\u00e8s International des Nouvelles Esth\u00e9tiques&#038;Spa, Porte de Versailles, Paris, France, 2019<\/p>\n<\/div>\n<\/div>\n<\/div>\n<div  class=\"one withsmallpadding ppb_text\" style=\"padding:200px;\" >\n<p><iframe loading=\"lazy\" width=\"400\" height=\"215\" src=\"https:\/\/www.youtube.com\/embed\/wi29vVttQ3A\" frameborder=\"0\" allow=\"accelerometer; autoplay; clipboard-write; encrypted-media; gyroscope; picture-in-picture\" allowfullscreen><\/iframe><\/p>\n<\/div>\n<div  class=\"one withsmallpadding ppb_text\" style=\"padding:40px;\" >\n<p><iframe loading=\"lazy\" width=\"400\" height=\"215\" src=\"https:\/\/www.youtube.com\/embed\/v7MNn7zz9Z8\" frameborder=\"0\" allow=\"accelerometer; autoplay; clipboard-write; encrypted-media; gyroscope; picture-in-picture\" allowfullscreen><\/iframe><\/p>\n<\/div>\n<div  class=\"one withsmallpadding ppb_text\" style=\"padding:40px;\" >\n<p><iframe loading=\"lazy\" width=\"400\" height=\"215\" src=\"https:\/\/www.youtube.com\/embed\/UMJ6zmlJSpE\" frameborder=\"0\" allow=\"accelerometer; autoplay; clipboard-write; encrypted-media; gyroscope; picture-in-picture\" allowfullscreen><\/iframe><\/p>\n<\/div>\n<div  class=\"one withsmallpadding ppb_header \" style=\"text-align:left;padding:30px 0 30px 0;\" >\n<div class=\"standard_wrapper\">\n<div class=\"page_content_wrapper wide\">\n<div class=\"inner\">\n<div style=\"margin:auto;width:100%\"><\/div>\n<\/div>\n<\/div>\n<\/div>\n<\/div>\n<div  class=\"one withsmallpadding ppb_content_center_bg withbg parallax\" data-jarallax-video=\"https:\/\/youtu.be\/NuuArs1RZ-o\"  style=\"height:600px;\" >\n<div class=\"one_third parallax_text\" style=\"background:#ffffff;background:rgb(255,255,255,1);background:rgba(255,255,255,1);;padding:40px;\" data-stellar-ratio=\"1.3\">\n<h2 class=\"ppb_title\" style=\"\">D\u00e9monstration massage balinais sol<\/h2>\n<div class=\"page_tagline\" style=\"\">Ruth Indiathi-Village Balinais Formation-<\/div>\n<div class=\"ppb_header_content\">\n<p>49\u00e8me Congr\u00e8s International des Nouvelles Esth\u00e9tiques&#038;Spa,  Porte de Versailles, Paris, France, 2019<\/p>\n<\/div>\n<\/div>\n<\/div>\n<div  class=\"one withsmallpadding ppb_text\" style=\"text-align:left;padding:40px 0 40px 0;\" >\n<div class=\"standard_wrapper\">\n<div class=\"page_content_wrapper wide\">\n<div class=\"inner\">\n<div style=\"margin:auto;width:100%\">\n<p><iframe loading=\"lazy\" width=\"560\" height=\"315\" src=\"https:\/\/www.youtube.com\/embed\/m_Htx1HjQYw?start=426\" frameborder=\"0\" allow=\"accelerometer; autoplay; clipboard-write; encrypted-media; gyroscope; picture-in-picture\" allowfullscreen><\/iframe><\/p>\n<\/div>\n<\/div>\n<\/div>\n<\/div>\n<\/div>\n<div class=\"standard_wrapper\">\n<div class=\"one withsmallpadding ppb_line_divider\"  style=\"text-align:center;padding:0px 0 0px 0;\" >\n<div class=\"page_content_wrapper wide\">\n<div class=\"inner\">\n<div class=\"line_divider_border\" style=\"width:100px;border-color:#e1e1e1;\"><\/div>\n<div class=\"line_divider_seperator\"><i class=\"fa fa-leaf\" style=\"color:#efa697;\"><\/i><\/div>\n<div class=\"line_divider_border\" style=\"width:100px;border-color:#e1e1e1;\"><\/div>\n<\/div>\n<\/div>\n<\/div>\n<\/div>\n<div  class=\"one withsmallpadding ppb_text\" style=\"text-align:left;padding:40px 0 40px 0;\" >\n<div class=\"standard_wrapper\">\n<div class=\"page_content_wrapper wide\">\n<div class=\"inner\">\n<div style=\"margin:auto;width:100%\">\n<p><iframe loading=\"lazy\" width=\"560\" height=\"315\" src=\"https:\/\/www.youtube.com\/embed\/XBfS-vRtHEE?start=57\" frameborder=\"0\" allow=\"accelerometer; autoplay; clipboard-write; encrypted-media; gyroscope; picture-in-picture\" allowfullscreen><\/iframe><\/p>\n<\/div>\n<\/div>\n<\/div>\n<\/div>\n<\/div>\n<div class=\"standard_wrapper\">\n<div class=\"one withsmallpadding ppb_line_divider\"  style=\"text-align:center;padding:0px 0 0px 0;\" >\n<div class=\"page_content_wrapper wide\">\n<div class=\"inner\">\n<div class=\"line_divider_border\" style=\"width:100px;border-color:#e1e1e1;\"><\/div>\n<div class=\"line_divider_seperator\"><i class=\"fa fa-leaf\" style=\"color:#efa697;\"><\/i><\/div>\n<div class=\"line_divider_border\" style=\"width:100px;border-color:#e1e1e1;\"><\/div>\n<\/div>\n<\/div>\n<\/div>\n<\/div>\n<div  class=\"ppb_image_two_third_fullwidth one\" style=\"47\u00e8me Congr\u00e8s International des Nouvelles Esth\u00e9tiques&amp;Spa,  Porte de Versailles, Paris, France, 2017\" >\n<div class=\"one_third_bg textright\" style=\"height:600px;\">\n<div class=\"center_wrapper\">\n<div class=\"inner_content\">\n<h2 class=\"ppb_title\" style=\"\">D\u00e9monstration massage balinais cr\u00e2nien Pijat Kepala<\/h2>\n<div class=\"page_tagline\" style=\"\">Hyperlordose cervicale,<br \/>\nCou douloureux,<br \/>\nFatigue et \u00e9puisement mental<br \/>\nStress\n<\/div>\n<\/div>\n<\/div>\n<\/div>\n<div class=\"two_third_bg parallax\" data-jarallax-video=\"https:\/\/youtu.be\/ZEIYdLVuaRc?t=329\"  style=\"height:600px;\"><\/div>\n<p><br class=\"clear\"\/><\/div>\n<div  class=\"one withsmallpadding ppb_text\" style=\"text-align:left;padding:40px 0 40px 0;\" >\n<div class=\"standard_wrapper\">\n<div class=\"page_content_wrapper wide\">\n<div class=\"inner\">\n<div style=\"margin:auto;width:100%\">\n<p>Top Head Massage Therapy : Balinese massage Pijat Kepala by Ruth Indiathi<br \/>\nVillage Balinais Formation, 47\u00e8me Congr\u00e8s International des Nouvelles Esth\u00e9tiques&#038;Spa,  Porte de Versailles, Paris, France, 2017<br \/>\n<iframe loading=\"lazy\" width=\"560\" height=\"315\" src=\"https:\/\/www.youtube.com\/embed\/ZEIYdLVuaRc?start=329\" frameborder=\"0\" allow=\"accelerometer; autoplay; clipboard-write; encrypted-media; gyroscope; picture-in-picture\" allowfullscreen><\/iframe><\/p>\n<\/div>\n<\/div>\n<\/div>\n<\/div>\n<\/div>\n<div class=\"standard_wrapper\">\n<div class=\"one withsmallpadding ppb_line_divider\"  style=\"text-align:center;padding:0px 0 0px 0;\" >\n<div class=\"page_content_wrapper wide\">\n<div class=\"inner\">\n<div class=\"line_divider_border\" style=\"width:100px;border-color:#e1e1e1;\"><\/div>\n<div class=\"line_divider_seperator\"><i class=\"fa fa-leaf\" style=\"color:#efa697;\"><\/i><\/div>\n<div class=\"line_divider_border\" style=\"width:100px;border-color:#e1e1e1;\"><\/div>\n<\/div>\n<\/div>\n<\/div>\n<\/div>\n<div  class=\"one withsmallpadding ppb_content_center_bg withbg parallax\" data-jarallax-video=\"https:\/\/youtu.be\/R5p0J0dwl_o\"  style=\"height:600px;\" >\n<div class=\"one_third parallax_text\" style=\"background:#ffffff;background:rgb(255,255,255,1);background:rgba(255,255,255,1);;padding:40px;\" data-stellar-ratio=\"1.3\">\n<h2 class=\"ppb_title\" style=\"\">D\u00e9monstration massage balinais corps Pijat Bali  <\/h2>\n<div class=\"page_tagline\" style=\"\">Ruth Indiathi , enseignante\n<\/div>\n<div class=\"ppb_header_content\">\n<p>Ecole Internationale du Spa (ex Ecole des Spas et Instituts) jusqu\u2019en 2015<br \/>\nCongr\u00e8s Internationale des Nouvelles Esth\u00e9tiques&#038;Spa, 2014<\/p>\n<\/div>\n<\/div>\n<\/div>\n<div  class=\"one withsmallpadding ppb_text\" style=\"text-align:left;padding:40px 0 40px 0;\" >\n<div class=\"standard_wrapper\">\n<div class=\"page_content_wrapper wide\">\n<div class=\"inner\">\n<div style=\"margin:auto;width:100%\">\n<p>D\u00e9monstration massage balinais Pijat Bali  par Ruth Indiathi , enseignante pour Ecole Internationale du Spa (ex Ecole des Spas et Instituts) jusqu\u2019en 2015<br \/>\nCongr\u00e8s Internationale des Nouvelles Esth\u00e9tiques&#038;Spa, 2014<br \/>\n<iframe loading=\"lazy\" width=\"560\" height=\"315\" src=\"https:\/\/www.youtube.com\/embed\/R5p0J0dwl_o?start=11\" frameborder=\"0\" allow=\"accelerometer; autoplay; clipboard-write; encrypted-media; gyroscope; picture-in-picture\" allowfullscreen><\/iframe><\/p>\n<\/div>\n<\/div>\n<\/div>\n<\/div>\n<\/div>\n<div class=\"standard_wrapper\">\n<div class=\"one withsmallpadding ppb_line_divider\"  style=\"text-align:center;padding:0px 0 0px 0;\" >\n<div class=\"page_content_wrapper wide\">\n<div class=\"inner\">\n<div class=\"line_divider_border\" style=\"width:100px;border-color:#e1e1e1;\"><\/div>\n<div class=\"line_divider_seperator\"><i class=\"fa fa-leaf\" style=\"color:#efa697;\"><\/i><\/div>\n<div class=\"line_divider_border\" style=\"width:100px;border-color:#e1e1e1;\"><\/div>\n<\/div>\n<\/div>\n<\/div>\n<\/div>\n<div  class=\"one withsmallpadding ppb_content_center_bg withbg parallax\"  style=\"height:600px;\" >\n<div class=\"one_third parallax_text\" style=\"background:#ffffff;background:rgb(255,255,255,1);background:rgba(255,255,255,1);;padding:40px;\" data-stellar-ratio=\"1.3\">\n<h2 class=\"ppb_title\" style=\"\">D\u00e9monstration massage balinais traditionnel Pijat Bali<\/h2>\n<div class=\"page_tagline\" style=\"\">Ruth Indiathi- Village Balinais Formation-<\/div>\n<div class=\"ppb_header_content\">\n<p>Village Balinais Formation, 8\u00e8me Mondial Spa et Beaut\u00e9, Congr\u00e8s Pro La Villette, Paris, France, 2013<\/p>\n<\/div>\n<\/div>\n<\/div>\n<div  class=\"one withsmallpadding ppb_text\" style=\"text-align:left;padding:40px 0 40px 0;\" >\n<div class=\"standard_wrapper\">\n<div class=\"page_content_wrapper wide\">\n<div class=\"inner\">\n<div style=\"margin:auto;width:100%\">\n<p><iframe loading=\"lazy\" title=\"Pijitan\u00ae by Indiathi, International Spa and Beauty Exhibition\" width=\"500\" height=\"281\" src=\"https:\/\/www.youtube.com\/embed\/qLYy9kg27U8?feature=oembed\" frameborder=\"0\" allow=\"accelerometer; autoplay; clipboard-write; encrypted-media; gyroscope; picture-in-picture\" allowfullscreen><\/iframe><\/p>\n<\/div>\n<\/div>\n<\/div>\n<\/div>\n<\/div>\n<div class=\"standard_wrapper\">\n<div class=\"one withsmallpadding ppb_line_divider\"  style=\"text-align:center;padding:0px 0 0px 0;\" >\n<div class=\"page_content_wrapper wide\">\n<div class=\"inner\">\n<div class=\"line_divider_border\" style=\"width:100px;border-color:#e1e1e1;\"><\/div>\n<div class=\"line_divider_seperator\"><i class=\"fa fa-leaf\" style=\"color:#efa697;\"><\/i><\/div>\n<div class=\"line_divider_border\" style=\"width:100px;border-color:#e1e1e1;\"><\/div>\n<\/div>\n<\/div>\n<\/div>\n<\/div>\n<div  class=\"one withsmallpadding ppb_content_half_vimeo parallax\" data-jarallax-video=\"https:\/\/youtu.be\/FNxUSbeXLMU\"  style=\"padding:40px 0 40px 0;\" >\n<div class=\"standard_wrapper\">\n<div class=\"page_content_wrapper wide\">\n<div class=\"inner\">\n<div class=\"one_half_bg\" style=\"background:#ffffff;background:rgb(255,255,255,1);background:rgba(255,255,255,1);\" data-stellar-ratio=\"1.3\">\n<h2 class=\"ppb_title\" style=\"\">D\u00e9monstration massage balinais Idehk-Idehk puissant- mal du dos, blocages, jambes lourdes, stress-<\/h2>\n<div class=\"page_tagline\" style=\"\">Ruth Indiathi- Village Balinais Formation<\/div>\n<div class=\"ppb_header_content\">\n<p>41\u00e8me Congr\u00e8s International des Nouvelles Esth\u00e9tiques&#038;Spa,  Porte de Versailles, Paris, France, 2012<\/p>\n<\/div>\n<\/div>\n<\/div>\n<\/div>\n<\/div>\n<\/div>\n<div  class=\"one withsmallpadding ppb_text\" style=\"text-align:left;padding:40px 0 40px 0;\" >\n<div class=\"standard_wrapper\">\n<div class=\"page_content_wrapper wide\">\n<div class=\"inner\">\n<div style=\"margin:auto;width:100%\">\n<p><iframe loading=\"lazy\" width=\"560\" height=\"315\" src=\"https:\/\/www.youtube.com\/embed\/FNxUSbeXLMU?start=15\" frameborder=\"0\" allow=\"accelerometer; autoplay; clipboard-write; encrypted-media; gyroscope; picture-in-picture\" allowfullscreen><\/iframe><\/p>\n<\/div>\n<\/div>\n<\/div>\n<\/div>\n<\/div>\n<div class=\"standard_wrapper\">\n<div class=\"one withsmallpadding ppb_line_divider\"  style=\"text-align:center;padding:0px 0 0px 0;\" >\n<div class=\"page_content_wrapper wide\">\n<div class=\"inner\">\n<div class=\"line_divider_border\" style=\"width:100px;border-color:#e1e1e1;\"><\/div>\n<div class=\"line_divider_seperator\"><i class=\"fa fa-leaf\" style=\"color:#efa697;\"><\/i><\/div>\n<div class=\"line_divider_border\" style=\"width:100px;border-color:#e1e1e1;\"><\/div>\n<\/div>\n<\/div>\n<\/div>\n<\/div>\n<div  class=\"ppb_image_two_third_fullwidth one\" >\n<div class=\"one_third_bg textright\" style=\"height:600px;\">\n<div class=\"center_wrapper\">\n<div class=\"inner_content\">\n<h2 class=\"ppb_title\" style=\"\">Massage balinais cr\u00e2nien Pijat Kepala en cabine<\/h2>\n<div class=\"page_tagline\" style=\"\">EPUISEMENT ET FATIGUE MENTALE<br \/>\nCUIR CHEVELU DOULOUREUX<br \/>\nTENSION OCULAIRE<br \/>\nDOULEUR DES CERVICALES<br \/>\nCHEVEUX SECS, CASSANTS<br \/>\nBalinese Spa, Paris, France, 2010<br \/>\nPr\u00e8s d\u20191 million de vue sur Youtube!<\/div>\n<\/div>\n<\/div>\n<\/div>\n<div class=\"two_third_bg parallax\" data-jarallax-video=\"https:\/\/youtu.be\/DBTbMqxPY8Y?t=22\"  style=\"height:600px;\"><\/div>\n<p><br class=\"clear\"\/><\/div>\n<div class=\"standard_wrapper\">\n<div class=\"one withsmallpadding ppb_line_divider\"  style=\"text-align:center;padding:0px 0 0px 0;\" >\n<div class=\"page_content_wrapper wide\">\n<div class=\"inner\">\n<div class=\"line_divider_border\" style=\"width:100px;border-color:#e1e1e1;\"><\/div>\n<div class=\"line_divider_seperator\"><i class=\"fa fa-leaf\" style=\"color:#efa697;\"><\/i><\/div>\n<div class=\"line_divider_border\" style=\"width:100px;border-color:#e1e1e1;\"><\/div>\n<\/div>\n<\/div>\n<\/div>\n<\/div>\n<div  class=\"ppb_image_two_third_fullwidth one\" >\n<div class=\"one_third_bg textright\" style=\"height:600px;\">\n<div class=\"center_wrapper\">\n<div class=\"inner_content\">\n<h2 class=\"ppb_title\" style=\"\">Massage balinais du visage Muka en cabine<\/h2>\n<div class=\"page_tagline\" style=\"\">Redynamisation du visage<br \/>\nRepulper les traits<br \/>\nDrainage, oxyg\u00e9nation, r\u00e9g\u00e9n\u00e9ration des tissus<br \/>\nRelaxer et d\u00e9stresser<br \/>\nBalinese Spa, Paris, France, 2010<\/div>\n<\/div>\n<\/div>\n<\/div>\n<div class=\"two_third_bg parallax\" data-jarallax-video=\"https:\/\/youtu.be\/z09Yz5z5t3I?t=20\"  style=\"height:600px;\"><\/div>\n<p><br class=\"clear\"\/><\/div>\n<div class=\"standard_wrapper\">\n<div class=\"one withsmallpadding ppb_line_divider\"  style=\"text-align:center;padding:0px 0 0px 0;\" >\n<div class=\"page_content_wrapper wide\">\n<div class=\"inner\">\n<div class=\"line_divider_border\" style=\"width:100px;border-color:#e1e1e1;\"><\/div>\n<div class=\"line_divider_seperator\"><i class=\"fa fa-leaf\" style=\"color:#efa697;\"><\/i><\/div>\n<div class=\"line_divider_border\" style=\"width:100px;border-color:#e1e1e1;\"><\/div>\n<\/div>\n<\/div>\n<\/div>\n<\/div>\n<div  class=\"ppb_image_two_third_fullwidth one\" >\n<div class=\"one_third_bg textright\" style=\"height:600px;\">\n<div class=\"center_wrapper\">\n<div class=\"inner_content\">\n<h2 class=\"ppb_title\" style=\"\">Massage balinais dos Pijat Kepala en cabine<\/h2>\n<div class=\"page_tagline\" style=\"\">Hyperlordose cervicale<br \/>\nDouleur du dos et des \u00e9paules<br \/>\nSpa Balinais, Paris, France, 2010\n<\/div>\n<\/div>\n<\/div>\n<\/div>\n<div class=\"two_third_bg parallax\" data-jarallax-video=\"https:\/\/youtu.be\/akTnothXlL8\"  style=\"height:600px;\"><\/div>\n<p><br class=\"clear\"\/><\/div>\n<div  class=\"one ppb_image_fixed_width\"  style=\"padding-top:40px;padding-bottom:40px;\" >\n<div class=\"page_content_wrapper\">\n<div class=\"inner\">\n<div class=\"image_classic_frame\">\n<div class=\"image_wrapper\"><a href=\"https:\/\/levillagebalinais.com\/wp-content\/uploads\/2020\/10\/12-RUTH-INDIATHI-ET-Wonderful-Indonesia-.png\" class=\"img_frame\"><img decoding=\"async\" src=\"https:\/\/levillagebalinais.com\/wp-content\/uploads\/2020\/10\/12-RUTH-INDIATHI-ET-Wonderful-Indonesia-.png\" alt=\"\" class=\"portfolio_img\"\/><\/a><\/div>\n<\/div>\n<\/div>\n<\/div>\n<\/div>\n<div class=\"standard_wrapper\">\n<div  class=\"ppb_blog_grid one nopadding\" style=\"padding:40px 0 40px 0;\" >\n<div class=\"page_content_wrapper wide\">\n<div class=\"inner\">\n<div class=\"inner_wrapper\">\n<div class=\"blog_grid_wrapper sidebar_content full_width ppb_blog_posts\">\n<div id=\"post-5905\" class=\"post type-post hentry status-publish \">\n<div class=\"post_wrapper grid_layout\">\n<div class=\"post_img small static\">\n\t\t    \t    \t<a href=\"https:\/\/levillagebalinais.com\/index.php\/2022\/01\/17\/thermalies-2022-lequipe-du-village-balinais-quon-adore-a-votre-service-du-20-au-22-janvier\/\"><br \/>\n\t\t    \t    \t\t<img decoding=\"async\" src=\"https:\/\/levillagebalinais.com\/wp-content\/uploads\/2022\/01\/WEB-AFFICHE-TH22-PARIS-A4_page-0001-960x636.jpg\" alt=\"Thermalies 2022 : L\u2019\u00e9quipe du Village Balinais qu\u2019on adore \u00e0 votre service  du 20 au 22 Janvier!\" class=\"\"\/><br \/>\n\t\t                <\/a>\n\t\t    \t    <\/div>\n<div class=\"post_content_wrapper\">\n<div class=\"post_header grid\">\n<div class=\"post_detail single_post\">\n\t\t\t\t    <span class=\"post_info_date\"><br \/>\n\t\t\t\t    \t<a href=\"https:\/\/levillagebalinais.com\/index.php\/2022\/01\/17\/thermalies-2022-lequipe-du-village-balinais-quon-adore-a-votre-service-du-20-au-22-janvier\/\" title=\"Thermalies 2022 : L\u2019\u00e9quipe du Village Balinais qu\u2019on adore \u00e0 votre service  du 20 au 22 Janvier!\">17 janvier 2022<\/a><br \/>\n\t\t\t\t    <\/span>\n\t\t\t\t<\/div>\n<h6><a href=\"https:\/\/levillagebalinais.com\/index.php\/2022\/01\/17\/thermalies-2022-lequipe-du-village-balinais-quon-adore-a-votre-service-du-20-au-22-janvier\/\" title=\"Thermalies 2022 : L\u2019\u00e9quipe du Village Balinais qu\u2019on adore \u00e0 votre service  du 20 au 22 Janvier!\">Thermalies 2022 : L\u2019\u00e9quipe du Village Balinais qu\u2019on adore \u00e0 votre service  du 20 au 22 Janvier!<\/a><\/h6>\n<\/p><\/div>\n<div class=\"post_header_wrapper\">\n<div class=\"post_button_wrapper\">\n\t\t\t    \t<a class=\"readmore\" href=\"https:\/\/levillagebalinais.com\/index.php\/2022\/01\/17\/thermalies-2022-lequipe-du-village-balinais-quon-adore-a-votre-service-du-20-au-22-janvier\/\">Read More<span class=\"ti-angle-right\"><\/span><\/a>\n\t\t\t\t\t<\/div>\n<\/p><\/div>\n<\/div><\/div>\n<\/p><\/div>\n<div id=\"post-5890\" class=\"post type-post hentry status-publish \">\n<div class=\"post_wrapper grid_layout\">\n<div class=\"post_img small static\">\n\t\t    \t    \t<a href=\"https:\/\/levillagebalinais.com\/index.php\/2021\/12\/19\/nos-seances-de-massages-dhiver-en-duo-a-paris-de-janvier-a-mars-22\/\"><br \/>\n\t\t    \t    \t\t<img decoding=\"async\" src=\"https:\/\/levillagebalinais.com\/wp-content\/uploads\/2021\/03\/Couples_massage-5664x3399-1-1024x614-1-960x614.jpg\" alt=\"Nos s\u00e9ances de massages d&#039;hiver en duo \u00e0 Paris de Janvier \u00e0 Mars 22\" class=\"\"\/><br \/>\n\t\t                <\/a>\n\t\t    \t    <\/div>\n<div class=\"post_content_wrapper\">\n<div class=\"post_header grid\">\n<div class=\"post_detail single_post\">\n\t\t\t\t    <span class=\"post_info_date\"><br \/>\n\t\t\t\t    \t<a href=\"https:\/\/levillagebalinais.com\/index.php\/2021\/12\/19\/nos-seances-de-massages-dhiver-en-duo-a-paris-de-janvier-a-mars-22\/\" title=\"Nos s\u00e9ances de massages d&rsquo;hiver en duo \u00e0 Paris de Janvier \u00e0 Mars 22\">19 d\u00e9cembre 2021<\/a><br \/>\n\t\t\t\t    <\/span>\n\t\t\t\t<\/div>\n<h6><a href=\"https:\/\/levillagebalinais.com\/index.php\/2021\/12\/19\/nos-seances-de-massages-dhiver-en-duo-a-paris-de-janvier-a-mars-22\/\" title=\"Nos s\u00e9ances de massages d&rsquo;hiver en duo \u00e0 Paris de Janvier \u00e0 Mars 22\">Nos s\u00e9ances de massages d&rsquo;hiver en duo \u00e0 Paris de Janvier \u00e0 Mars 22<\/a><\/h6>\n<\/p><\/div>\n<div class=\"post_header_wrapper\">\n<div class=\"post_button_wrapper\">\n\t\t\t    \t<a class=\"readmore\" href=\"https:\/\/levillagebalinais.com\/index.php\/2021\/12\/19\/nos-seances-de-massages-dhiver-en-duo-a-paris-de-janvier-a-mars-22\/\">Read More<span class=\"ti-angle-right\"><\/span><\/a>\n\t\t\t\t\t<\/div>\n<\/p><\/div>\n<\/div><\/div>\n<\/p><\/div>\n<div id=\"post-5877\" class=\"post type-post hentry status-publish last\">\n<div class=\"post_wrapper grid_layout\">\n<div class=\"post_img small static\">\n\t\t    \t    \t<a href=\"https:\/\/levillagebalinais.com\/index.php\/2021\/11\/29\/ruth-indiathi-avec-ibu-sari-lepouse-de-lambassadeur-dindonesie-a-paris\/\"><br \/>\n\t\t    \t    \t\t<img decoding=\"async\" src=\"https:\/\/levillagebalinais.com\/wp-content\/uploads\/2021\/11\/20211121_182259-960x636.jpg\" alt=\"Ruth Indiathi avec Ibu Sari l&#039;\u00e9pouse de l&#039;ambassadeur d&#039;Indon\u00e9sie \u00e0 Paris\" class=\"\"\/><br \/>\n\t\t                <\/a>\n\t\t    \t    <\/div>\n<div class=\"post_content_wrapper\">\n<div class=\"post_header grid\">\n<div class=\"post_detail single_post\">\n\t\t\t\t    <span class=\"post_info_date\"><br \/>\n\t\t\t\t    \t<a href=\"https:\/\/levillagebalinais.com\/index.php\/2021\/11\/29\/ruth-indiathi-avec-ibu-sari-lepouse-de-lambassadeur-dindonesie-a-paris\/\" title=\"Ruth Indiathi avec Ibu Sari l&rsquo;\u00e9pouse de l&rsquo;ambassadeur d&rsquo;Indon\u00e9sie \u00e0 Paris\">29 novembre 2021<\/a><br \/>\n\t\t\t\t    <\/span>\n\t\t\t\t<\/div>\n<h6><a href=\"https:\/\/levillagebalinais.com\/index.php\/2021\/11\/29\/ruth-indiathi-avec-ibu-sari-lepouse-de-lambassadeur-dindonesie-a-paris\/\" title=\"Ruth Indiathi avec Ibu Sari l&rsquo;\u00e9pouse de l&rsquo;ambassadeur d&rsquo;Indon\u00e9sie \u00e0 Paris\">Ruth Indiathi avec Ibu Sari l&rsquo;\u00e9pouse de l&rsquo;ambassadeur d&rsquo;Indon\u00e9sie \u00e0 Paris<\/a><\/h6>\n<\/p><\/div>\n<div class=\"post_header_wrapper\">\n<div class=\"post_button_wrapper\">\n\t\t\t    \t<a class=\"readmore\" href=\"https:\/\/levillagebalinais.com\/index.php\/2021\/11\/29\/ruth-indiathi-avec-ibu-sari-lepouse-de-lambassadeur-dindonesie-a-paris\/\">Read More<span class=\"ti-angle-right\"><\/span><\/a>\n\t\t\t\t\t<\/div>\n<\/p><\/div>\n<\/div><\/div>\n<\/p><\/div>\n<\/div>\n<\/div>\n<\/div>\n<\/div>\n<\/div>\n<\/div>\n","protected":false},"excerpt":{"rendered":"<p>Village Balinais Formation-Ruth Indiathi- Le Village Balinais, Paris aux Thermalies 2022 La richesse de la d\u00e9finition indon\u00e9sienne du bien-\u00eatre, de la d\u00e9tente et du l\u00e2cher prise&#8230;. au service des thermalistes! &nbsp; Apprendre le massage balinais Pijat Bali Extrait des vid\u00e9os [&hellip;]<\/p>\n","protected":false},"author":1,"featured_media":73,"parent":3475,"menu_order":0,"comment_status":"closed","ping_status":"closed","template":"","meta":{"_monsterinsights_skip_tracking":false,"_monsterinsights_sitenote_active":false,"_monsterinsights_sitenote_note":"","_monsterinsights_sitenote_category":0,"footnotes":""},"class_list":["post-3950","page","type-page","status-publish","has-post-thumbnail","hentry"],"_links":{"self":[{"href":"https:\/\/levillagebalinais.com\/index.php\/wp-json\/wp\/v2\/pages\/3950","targetHints":{"allow":["GET"]}}],"collection":[{"href":"https:\/\/levillagebalinais.com\/index.php\/wp-json\/wp\/v2\/pages"}],"about":[{"href":"https:\/\/levillagebalinais.com\/index.php\/wp-json\/wp\/v2\/types\/page"}],"author":[{"embeddable":true,"href":"https:\/\/levillagebalinais.com\/index.php\/wp-json\/wp\/v2\/users\/1"}],"replies":[{"embeddable":true,"href":"https:\/\/levillagebalinais.com\/index.php\/wp-json\/wp\/v2\/comments?post=3950"}],"version-history":[{"count":88,"href":"https:\/\/levillagebalinais.com\/index.php\/wp-json\/wp\/v2\/pages\/3950\/revisions"}],"predecessor-version":[{"id":5969,"href":"https:\/\/levillagebalinais.com\/index.php\/wp-json\/wp\/v2\/pages\/3950\/revisions\/5969"}],"up":[{"embeddable":true,"href":"https:\/\/levillagebalinais.com\/index.php\/wp-json\/wp\/v2\/pages\/3475"}],"wp:featuredmedia":[{"embeddable":true,"href":"https:\/\/levillagebalinais.com\/index.php\/wp-json\/wp\/v2\/media\/73"}],"wp:attachment":[{"href":"https:\/\/levillagebalinais.com\/index.php\/wp-json\/wp\/v2\/media?parent=3950"}],"curies":[{"name":"wp","href":"https:\/\/api.w.org\/{rel}","templated":true}]}}